7
Calculate 4 - (2 - -1 - (-2 + 7)).
6
-1 + (-1 - (-9 - (-15 - -7)))
-1
13 + -10 + (0 - 7)
-4
Calculate -11 + (2 - -3) - -13.
7
What is the value of 74 - 69 - (-6 - (-1 - -1))?
11
Calculate 10 + -7 - 6 - -7.
4
3 + -2 + -7 + 9
3
Calculate (2 - 8 - -6) + 7 - 7.
0
3 + -9 + -12 + 15
-3
Calculate -1 - (-11 + 2 + 4).
4
-1 - (2 + -8) - (30 - 34)
9
Calculate -1 + (2 - 3) + 3 - 2.
-1
Calculate -3 + 3 + 5 + 0 + 0.
5
What is the value of -5 + 4 + 2 + 2 + 1?
4
What is the value of 1 - (10 + -2 + -3)?
-4
What is the value of 3 + -2 + 7 + -4?
4
Evaluate 10 - (5 - -4) - 11.
-10
What is 2 + -1 + 3 + 0 + -8?
-4
What is the value of -19 - -24 - (-1 - -2)?
4
What is the value of 1 - ((-13 - -11) + -5)?
8
What is (-4 - -4 - 7) + 3?
-4
Evaluate 3 + 0 + 1 + -1 - 6.
-3
What is -12 - (0 - 0 - (6 + 0))?
-6
Evaluate (2 - (-3 + 11)) + -2 + 6.
-2
(-6 - 2) + -19 + (-9 - -30)
-6
Evaluate -24 + 23 + (1 - 0).
0
What is -3 - (-4 - (-6 + -3))?
-8
What is (10 + -7 - (0 + 1)) + 0?
2
What is the value of 2 + 4 + (-1 - 3)?
2
Evaluate -3 - (-3 - (0 - 7)).
-7
Evaluate 0 + -8 + 5 - -4 - 6.
-5
What is -4 + (1 - -2) - (-1 - -3)?
-3
What is the value of -12 + (11 - (1 + -4))?
2
Calculate -3 + 1 + -6 + -16 + 18.
-6
What is the value of -5 + 9 + -2 + -5?
-3
Calculate 2 - (-3 - (0 - 5)).
0
What is the value of -8 - -9 - (-2 + 6)?
-3
What is the value of 1 - (-2 + 7 - (0 - 1))?
-5
What is 0 - (1 + -1 + 4)?
-4
What is 2 - 4 - (-6 + (5 - 6))?
5
-5 + (-4 + 2 - -8 - 3)
-2
What is the value of (2 - -6) + 1 + (4 - 3)?
10
Calculate -16 + 8 + 7 + -1.
-2
1 + -3 - (-14 - -15)
-3
What is -1 + 2 - (63 + -57)?
-5
Calculate 8 + -9 + 6 + 0.
5
Evaluate 5 - 7 - (-1 + -3).
2
What is 4 + -4 - -5 - 4?
1
What is -8 + 1 + 7 + -4?
-4
-4 + 1 - (10 - (11 + 0))
-2
Evaluate -20 - -20 - (1 - 6) - 5.
0
What is -7 + (-6 - (-10 + -1))?
-2
Evaluate 33 + -28 - (16 - 0) - -5.
-6
What is the value of 1 + (6 + -4 + 0 - 6)?
-3
0 - -4 - (-2 + 5 + 5)
-4
What is -4 + (-1 - -1) + -2 + 8?
2
Calculate 7 + 5 + -2 + 2 + -9.
3
Evaluate -1 + 0 + 14 + -10 + 0.
3
What is -8 - (1 + 0 - 4)?
-5
What is the value of (-3 - (7 + -7 + 4)) + 17?
10
Evaluate -11 - (5 + 2 - (0 + 10)).
-8
What is (12 - 13) + -2 + 1 + 3?
1
What is -4 - (9 + -6 + -5)?
-2
What is the value of -7 - (0 - 3) - 0?
-4
Calculate (9 - -1) + (9 - 14).
5
Evaluate 0 - 1 - (-1 - 3).
3
Calculate -4 - (-8 - -13 - 11).
2
What is the value of -6 - (-8 + 4) - -1?
-1
-44 - -39 - (-2 + -1)
-2
4 + 5 + -6 + (2 - 6)
-1
What is -2 - -7 - (10 - 3)?
-2
What is the value of -1 + -9 + (-6 - -11)?
-5
Evaluate -2 - -9 - (28 + -27).
6
Calculate (-2 - 2) + (11 + -10 - -6).
3
What is 6 + -7 - 8 - -2?
-7
What is 3 - (8 + -3) - -3?
1
Evaluate (2 - -2) + -7 + -3 + 6.
0
6 + 4 + (2 - 9)
3
-11 - 14 - -9 - -13
-3
Calculate 2 - (-2 - -3) - (13 + -11).
-1
What is -5 - ((-6 - -3) + -1)?
-1
Evaluate -13 + 11 - (2 - (1 - -1)).
-2
Evaluate (2 - 2 - 0) + 1 + -6.
-5
Calculate 5 - (-4 + 5) - (0 - 1).
5
Calculate -4 + 6 + -2 - -2 - -7.
9
Evaluate 0 - (6 + 0) - (-15 + 12).
-3
Evaluate 2 + 1 + -7 - -6.
2
Evaluate 3 + -2 + 0 + 3 + 1.
5
What is 7 + -3 + -3 - 5?
-4
Calculate 2 + (1 + 0 - (1 + -2)).
4
What is (-7 - -3) + (-1 - -10)?
5
Calculate -1 + 1 - (-5 + 9).
-4
Evaluate 1 + (-2 + 6 - (4 + -2)).
3
Evaluate -2 + 0 + (-3 - -2).
-3
What is the value of -11 - (7 - 11 - 4)?
-3
(-2 - -8 - (-2 - -11)) + -5
-8
Calculate 0 + -3 + 2 + 6.
5
What is -11 + (0 - 10 - -15)?
-6
What is 0 + (-5 - (-5 - -4))?
-4
Calculate 10 + -3 + 7 + 1 + -7.
8
Calculate -3 + 2 - (3 + -1).
-3
What is the value of -1 - -1 - (1 + (1 - 1))?
-1
Evaluate (5 - (-4 + 2)) + -1 + -2.
4
4 - (-3 + 8 + -4)
3
What is -2 - 2 - (2 - (10 + -7))?
-3
Evaluate -4 + 1 + 11 + -5 + -2.
1
Evaluate 10 + -4 + 1 + (-2 - 0).
5
What is the value of 0 - (-2 + -3 + -5 + 7)?
3
1 + 2 - (1 - (3 + -5))
0
What is -10 - (4 - (-2 + 12))?
-4
Calculate 0 + 3 + 7 + -10 + -3.
-3
What is the value of 3 + -7 + (7 - 4)?
-1
Evaluate 1 + -6 + (7 - 7).
-5
78 - 89 - (1 - 5 - -2)
-9
What is (-9 - -6) + 9 - 2?
4
Calculate (0 + -1 - -1) + -16 + 15.
-1
Calculate 1 + (1 + -5 - -7).
4
Calculate 0 - (0 - (-1 - (11 - 5))).
-7
What is -2 + 5 + -4 - 2?
-3
What is 6 - (4 - 2) - 9?
-5
Evaluate 7 + (1 - 2) - (3 + 0).
3
What is the value of (602 - 594) + (-1 - 1 - -1)?
7
What is the value of -3 - (-2 - (-3 + (-3 - -3)))?
-4
What is the value of 12 + (2 - 3) - (-1 + 6)?
6
Evaluate 0 + 0 + -7 + 12 + -2.
3
Evaluate -13 + (13 + -8 - -4).
-4
What is -8 - (-6 - 0) - (-1 + 0)?
-1
What is the value of -5 - (10 - 8 - 13)?
6
Evaluate 11 - (6 - -5 - (0 - -5)).
5
What is 11 - 1 - (57 - 48)?
1
What is -4 + (-7 - -2) + 8?
-1
(-7 - 0) + (-5 - -9) - -2
-1
Calculate 9 + 7 + (-12 - -4).
8
What is 0 - (-1 - (-2 - -2))?
1
Calculate -8 + 5 - (1 - -1).
-5
What is the value of (-2 + 8 - 4) + -2?
0
3 + (-13 - -4) + 4 + -1
-3
What is 5 + 1 + 5 + -8?
3
What is the value of -6 - 0 - (-1 - 2 - -2)?
-5
What is (3 - 0 - 3 - 1) + 5?
4
Calculate (3 - (3 + 2)) + -1.
-3
Evaluate -2 + 1 - 1 - -3.
1
What is (-7 - -11 - 7) + (1 - 0)?
-2
What is -3 - (-1 + 6 - 3)?
-5
What is -6 - (-5 + -4) - 0?
3
What is the value of 7 - ((-7 - -14 - 2) + 1)?
1
What is (2 - -1) + (-2 - (1 - 2))?
2
What is the value of (-3 - ((3 - 9) + 10)) + 5?
-2
What is (-4 - -8) + -5 + 3?
2
Calculate 3 - 5 - (-2 - -2).
-2
What is the value of (-3 - ((-3 - -9) + -14)) + 1?
6
Evaluate -1 + -12 + 6 - -18 - 4.
7
What is 5 - 6 - (-5 - 0)?
4
What is (-4 + 4 - -7) + -3?
4
What is -1 + 5 + -4 + 6?
6
What is -8 + 77 + -79 + (18 - -1)?
9
What is (1 - (-3 - -5 - 1)) + 4?
4
Evaluate -7 + -5 + 14 + -2.
0
What is the value of -1 + -2 + 2 + -3?
-4
Calculate (4 - -2 - 0) + 4 + -6.
4
-2 + (-13 - -20 - 8)
-3
3 - (-2 - (-9 - -8))
4
What is the value of 8 + (-11 - 3 - 1)?
-7
Calculate -8 + (-5 - -9) + -3.
-7
Evaluate 2 - ((14 - 7) + (-2 - -2)).
-5
What is -2 + -1 - (-11 - (-2 + -1))?
5
What is -7 + 3 + 14 + -5?
5
What is 0 + 1 + 0 + -3 + -1?
-3
What is (1 - -4 - (-2 + 4)) + 4?
7
What is the value of 10 - 9 - (-2 - (-4 - -3))?
2
Calculate 3 + (-3 - (5 + -8)).
3
Evaluate -2 - (-16 - (-5 - 3)).
6
Evaluate 3 - (-1 + 4) - -3.
3
Calculate -3 - 1 - -2 - 3 - 1.
-6
What is the value of 3 - (4 + (-13 - -11))?
1
What is the value of -59 + 69 + (2 - (7 + 1))?
4
What is the value of 4 + (-3 - -4) + 1 + -2?
4
Evaluate 0 + 13 - 7 - 0.
6
What is 5 + 3 + -6 + 1?
3
Calculate -8 + (19 - (13 - 3)).
1
What is 3 - (15 + -1 - (-78 + 86))?
-3
What is the value of 2 + 2 + (-10 - -6 - 2)?
-2
Calculate 7 - (0 + -1 - (0 - 3)).
5
6 - (5 - 5) - 1
5
Calculate -1 + -7 + 13 + -4 + 7.
8
What is -5 + -2 + 6 + -4 - -10?
5
What is the value of 7 + (3 - 6) + -3 + 4?
5
What is the value of (4 - ((-7 - -3) + 5)) + -8?
-5
What is the value of -5 - -2 - (-1 + 3)?
-5
What is -4 + 0 - (-28 + 23)?
1
(-13 + 5 - -1) + 1 - -9
3
4 + 1 + -9 + 2
-2
0 + 2 + 4 + -3 + -6
-3
Calculate 5 + (-3 - -3) - (-22 + 30).
-3
Evaluate 12 + (-6 - 1) - 7.
-2
Calculate (4 - 5) + (2 - 0).
1
What is 12 - (-2 + 8 + 4 + -7)?
9
What is (-10 - (-4 + 1)) + 5?
-2
What is the value of (19 - (7 + 4)) + -9?
-1
(12 - 4) + -16 + 5 + 2
-1
What is -9 + 5 + 6 + -2?
0
What is 11 - 17 - 2 - (-1 + -6)?
-1
What is the value of (-2 - -2) + (9 - (9 - 3))?
3
What is 6 - (3 + -4 + 3 - -13)?
-9
-6 + 1 + 6 + -2 - 1
-2
Calculate 3 + (-8 - -3) - 0.
-2
Calculate 5 - (5 - -6) - -9.
3
Evaluate -1 - 18 - (-35 - -23).
-7
Calculate 4 - (2 + (-4 - -3)) - 5.
-2
Evaluate 3 + 1 - -2 - (43 - 39).
2
Calculate 0 - (-7 - -8 - -1).
-2
What is the value of (10 - 12 - (1 + -1)) + -3?
-5
20 - (12 + -4 - -4)
8
Calculate (-1 - -1) + -7 + 85 + -76.
2
Evaluate -4 - ((-5 - -1) + -2).
2
Evaluate (23 - 1) + (-151 - -138).
9
Evaluate 15 + -20 - (-1 + -3) - -9.
8
Evaluate (-4 - (5 + -5)) + 7.
3
Evaluate 9 - 3 - (2 + -3 + 2).
5
Evaluate -9 + 13 + 3 + -5 + 0.
2
What is (-3 - (2 - 4 - 1)) + 5?
5
Calculate 3 + -3 + -1 + 2 - 1.
0
6 - -1 - (5 + -1)
3
What is the value of (7 - 17) + 3 - -7?
0
Evaluate 4 + (-2 - -3 - 8).
-3
What is -1 + -1 + (3 - 7) + 1?
-5
What is the value of -21 - -29 - (10 - -1)?
-3
Evaluate 0 + 10 + 15 + -21.
4
What is the value of 3 - 0 - (4 + 0 + 0)?
-1
What is -2 - (1 + -1 + 2 + -3)?
-1
Evaluate 1 - ((2 - 4) + -2 + 2).
3
Calculate 0 + (-2 - 2 - (-27 + 23)).
0
Evaluate 1 - (11 + -4) - (-6 - 0).
0
What is -4 + (0 - -4 - (-14 + 6))?
8
Evaluate (2 - -1) + (-1 - (10 + -12)).
4
What is (-9 - (5 - (-7 - -1